l**3 + 3*l + 3. Let y be z(o). What is the highest common divisor of y and 17?
17
Let s = 71 - -37. Suppose 3*v = -3*u + 144, u + 0*v - 57 = -4*v. Let z = u - 9. Calculate the greatest common factor of z and s.
36
Suppose 3*j + 50 - 137 = 0. Let s(d) = 3*d - 66. Let x be s(j). What is the highest common divisor of 399 and x?
21
Suppose -702 - 1773 = -15*x. What is the highest common divisor of 3597 and x?
33
Let q be 0/28 + 2*-1. Let j be -1 - 24*1/q. Calculate the highest common factor of j and 2.
1
Let j be ((-2494)/(-87))/(2/3). Let b = -12 + j. Calculate the greatest common divisor of 341 and b.
31
Suppose 33*i + 330 = 2607. Let b(f) = -f**3 - 4*f**2 + 3*f + 6. Let c be b(-4). Let m be c/(-4)*506/i. What is the highest common factor of m and 176?
11
Suppose 21896 = -237*q + 241*q + 4*p, -4*q + p + 21886 = 0. What is the greatest common factor of 285 and q?
57
Suppose 12 = 3*y, 41*t = 39*t + 5*y + 524. Calculate the highest common divisor of t and 400.
16
Let d(w) = w**2 - 18*w - 17. Let o be d(19). Suppose -3 = -o*j + j. Let v = 67 - j. What is the greatest common factor of 32 and v?
32
Let s(j) = 2*j**2 + 11*j - 14. Let l be s(-16). Let w = 1800 + -1754. What is the highest common divisor of w and l?
46
Let y = -156 - -152. Let g be (0 + 0 - (-9 - 13)) + y. Calculate the greatest common factor of 288 and g.
18
Let v be (4 + (-44)/8)/((-2)/44). Calculate the highest common factor of 69 and v.
3
Let c(f) = -78*f - 1088. Let a be c(-14). Calculate the highest common divisor of a and 932.
4
Suppose -12*i + 804 = 7104. Let f = i + 1097. What is the highest common factor of f and 52?
52
Let t be (-2)/((-6356)/(-455) + -14). Calculate the highest common divisor of 6695 and t.
65
Let m be (-1)/27 - (-70797)/81. Calculate the greatest common factor of 10 and m.
2
Let c(q) = -q**2 + 78*q - 661. Let j be c(39). What is the highest common factor of j and 2408?
172
Suppose -6*m + 2247 = w, -2*m + 357 + 403 = 4*w. Calculate the highest common factor of m and 51.
17
Let a be (-2151)/(-45) + (-3)/(-15). Suppose 193*y - a = 181*y. Calculate the greatest common divisor of y and 34.
2
Suppose -3*g + 9*g - 7128 = 0. Suppose 26*b = 20*b + g. Calculate the greatest common divisor of 22 and b.
22
Suppose 3881*f - 3865*f - 2448 = 0. What is the greatest common divisor of 1513 and f?
17
Let u be 6*(-56)/1008*-153. Let h(d) = -85*d. Let j be h(-1). What is the greatest common factor of u and j?
17
Let y be (-2)/((-8)/(-350))*-2. Let h(q) = q**2 + 11*q - 827. Let x be h(23). Let k = x + y. Calculate the greatest common divisor of k and 10.
10
Suppose 15 = -t + 4*t, 4*t = 4*h - 171080. Suppose -h = -32*v - 27*v. Calculate the highest common factor of 50 and v.
25
Suppose 3*v + 5*h = -25, -1 = v - 4*h - 4. Let d(y) = -10*y - 41. Let o be d(v). Let r = 129 - 84. Calculate the highest common divisor of o and r.
9
Suppose -5*h - 15 = p, -p + 7 = 2*h + 19. Let j be (-98)/(5/(175/p)). Suppose -5*l - 83 + j = 0. Calculate the greatest common factor of 4 and l.
4
Let u(z) = 107*z + 23. Let o be u(-2). Let x = 241 + o. What is the highest common factor of 225 and x?
25
Let c(v) = -166*v + 551. Let f be c(3). What is the greatest common factor of 7367 and f?
53
Suppose -3*p - 5*l + 194 = -0*p, -3*l = p - 70. Let k = p - 27. Suppose 7 = -3*s + k. Calculate the greatest common factor of s and 56.
8
Let j be ((-201)/(-6))/((-22)/(-143)) - 9/12. Let x be 4/12*(91 - -2). Calculate the highest common factor of j and x.
31
Let j be 9/15 - 13542/(-30). Suppose -848 = -4*x - 4*p, 6*p = 2*x + p - j. Suppose -218*z + x*z = -20. Calculate the highest common divisor of z and 25.
5
Suppose 0 = -8*w + 1 - 57. Let s be 11 + (w + -5)/(-6). Suppose -52 = 2*h - 4*h. Calculate the greatest common divisor of s and h.
13
Let g be ((-296)/(-20))/((-16)/(-40)). What is the highest common factor of g and 1739?
37
Let o(k) = -109*k**3 - 2*k**2 - 2*k - 1. Let n be o(-1). Let h(y) = y**2 + 46*y - 164. Let m be h(4). Calculate the greatest common divisor of m and n.
36
Let t(r) = r**3 + 10*r**2 + 28*r + 636. Let a be t(-12). Suppose -3*j = 69 - 339. What is the highest common divisor of j and a?
6
Suppose 0 = -4*n + 31 + 117. Let a(j) = -j + n - 20 + 2*j. Let o be a(0). What is the greatest common divisor of o and 119?
17
Let k(g) = 206*g**2 + 116*g + 228. Let i be k(-2). Calculate the greatest common factor of 40 and i.
20
Let o = -115 + 119. Suppose 3*t = -0*i - o*i + 164, -5*t + 2*i = -256. Calculate the highest common factor of 364 and t.
52
Let b be (-92840)/(-130) - (-2)/39*-3. Let u = 809 - b. Calculate the highest common divisor of u and 5.
5
Suppose -3*j - 4*p = -130 - 62, -2*j - 4*p + 120 = 0. What is the highest common factor of j and 5592?
24
Let f(j) = -2*j**2 - 5*j + 8. Let t be f(0). Let a(y) = -y**3 + 6*y**2 + 18*y + 5. Let r be a(t). Calculate the greatest common factor of 27 and r.
3
Let h(q) = 49*q**3 - 5*q**2 + q. Suppose -2 = d - 3. Let v be h(d). Calculate the highest common divisor of v and 120.
15
Let j be ((-66)/11)/(4/(-5)*5/100). What is the greatest common divisor of 378 and j?
6
Let v be (44/3)/1 + 33/99. Suppose -6900 = -v*w - 15*w. What is the highest common factor of 10 and w?
10
Let r be (-3)/2 + 195/10. Let a(j) = -j**3 + 6*j**2 + 3. Let x be a(6). Suppose 9 = x*h - 27. What is the greatest common divisor of r and h?
6
Let k(z) = 9*z + 330. Let t(m) = 4*m**3 + 43*m**2 - 6*m + 28. Let u be t(-11). Let s be k(u). What is the highest common divisor of 58 and s?
29
Suppose -11*l + 24286 = -10122. What is the highest common divisor of 136 and l?
136
Let q be (-23400)/(-18) + 26/(-2). What is the highest common divisor of q and 65?
13
Let v = 28313 + -27890. What is the greatest common divisor of v and 1034?
47
Suppose -1 = -2*c - 3*g, 3*c + 2*g + g = 9. Suppose 1 - 5 = -2*y. Suppose -y*a + c + 8 = 2*h, 4*h + a = 47. What is the greatest common divisor of 52 and h?
13
Let g be (-2126340)/(-216) + 5/6. Let n be g/33 + 5/3. Calculate the greatest common factor of n and 12.
12
Let z = 36 + -18. Let a(x) = 16*x - 20. Let i be a(3). Suppose -i = -4*d + 8. What is the highest common factor of d and z?
9
Suppose -5*k - 4*u + 9*u + 65 = 0, 0 = -6*k - 4*u + 68. What is the greatest common divisor of 18468 and k?
12
Let q be ((-2)/5)/(2/(-410)). Suppose 277*s - 279*s + 7*d = -94, 5*d - 460 = -5*s. Calculate the highest common factor of q and s.
82
Let r = 11544 - 11524. Let o be 2/(4/(-6)) + 63. Calculate the greatest common factor of r and o.
20
Let k(g) = 67*g**2 - 69*g - 241. Let y be k(-4). What is the greatest common factor of y and 6?
3
Suppose 4*b - 11*m + 170 = -10*m, -m + 128 = -3*b. Let r be 16/(-3)*63/42*b. What is the highest common divisor of 14 and r?
14
Let t(q) = 6*q - 4. Let p be t(6). Let b = 205 - 143. Let u = b - -66. What is the greatest common factor of u and p?
32
Let s be (-6)/9*(-3)/1. Suppose s*t = 5*y + 41, 3*t - 8*y - 45 = -6*y. What is the greatest common divisor of 26 and t?
13
Suppose -464*g = -429*g - 88690. Calculate the highest common divisor of g and 28.
14
Suppose 24 = 2*k + 4*k. Let d be -24*(k - (-124)/(-16)). Let m = d - 63. Calculate the highest common divisor of m and 9.
9
Suppose 5*y + 2*m - 72 = 0, 2*y - 30 = 29*m - 30*m. What is the greatest common factor of y and 132?
12
Let r = -952 + 3480. What is the greatest common divisor of 79 and r?
79
Let s be (-7973)/(-204) + 24/9 - 1/(-4). What is the greatest common divisor of 2562 and s?
42
Suppose 7231 + 5195 = 56*z - 1574. Calculate the highest common factor of z and 3375.
125
Let r = -6905 + 6940. Calculate the highest common divisor of 8365 and r.
35
Suppose -12071 = -163*u + 10097. Let t(y) = -2*y + 1. Let q be t(-8). Calculate the greatest common factor of u and q.
17
Let a be (80/175 - (-6)/15)*28. Let l = 0 + 6. Suppose 4*v - l = 2*o + 28, 5*v - 37 = -3*o. Calculate the greatest common divisor of a and v.
8
Let t = 11 + -16. Let m(q) = 11*q**2 + 48*q + 15. Let n be m(t). Calculate the highest common factor of n and 10.
10
Let i(p) = -6*p**3 + 2*p**2 + 11*p + 8. Let j be i(-4). Let q = j + -345. What is the greatest common factor of q and 595?
35
Suppose 46*h + 21753 = 101241. Calculate the highest common factor of h and 81.
27
Let s = 2506 + -2499. Suppose -18 = -0*x - x. Suppose -s*m